 -87*(-9)/54*(4 - 0). Calculate the highest common divisor of 29 and m.
29
Let c be (0 - -11)/((-1)/(-40)). Let v = -230 + c. Suppose w - 4*w + v = 0. Calculate the highest common factor of w and 7.
7
Suppose 0 = -2*p - 7*p + 189. Suppose p*j = 19*j + 110. What is the highest common factor of 33 and j?
11
Let g(v) = 2*v**2 + 30*v - 23. Let b be g(-22). Let q be ((-2)/6)/((-5)/b). Let n be (-2001)/(-15) - (-2)/(-5). Calculate the greatest common factor of q and n.
19
Let s = -86 + 86. Let r be 1/((-1)/2) + -5. Let u = s - r. Calculate the greatest common factor of u and 28.
7
Let l be 5/1 + 3 - -659. Calculate the greatest common divisor of 23 and l.
23
Suppose -5*n + 2*n + 9 = 0. Suppose -21 = -j + n. Let y(r) = -r**2 + 18*r - 26. Let t be y(16). Calculate the highest common divisor of t and j.
6
Let q(h) = h**3 + 9*h**2 + 8*h + 12. Let j be q(-8). Let z = j - 4. Let o be 2/z + 423/36. Calculate the greatest common divisor of o and 48.
12
Let r be 105/18 - 70/84. Let n(o) = 34*o + 2. Let c(z) = 35*z + 3. Let f(v) = -2*c(v) + 3*n(v). Let q be f(r). What is the greatest common divisor of q and 40?
40
Let g be (-2)/25 - (-91254)/5675. Suppose 7*j - 2*j - 15 = 0. Suppose j*z - 4 = z. Calculate the greatest common factor of z and g.
2
Let u be (14/(-8) - -4)/((-12)/(-160)). What is the highest common factor of 10 and u?
10
Suppose -2*s = -58 - 38. Calculate the greatest common factor of s and 512.
16
Suppose 0 = y + 3 - 1. Let a be (8/(-16))/(y/8). Suppose -3*m = -a*t - 141, -t + 9 = 2*t. What is the greatest common divisor of 7 and m?
7
Let t = -912 - -1767. What is the greatest common factor of t and 95?
95
Let l(h) = -h**3 - 4*h**2 + 5*h + 9. Let i be l(-5). Calculate the highest common factor of i and 48.
3
Let c(m) = 6*m**3 + m**2 - 3*m + 3. Let q be c(2). Let p be ((-42)/q)/(6/(-63)). Calculate the greatest common divisor of 36 and p.
9
Let v be 1/5 - (-119)/5. Let l(m) = -m**2 - 37*m - 138. Let n be l(-30). Calculate the highest common factor of v and n.
24
Suppose 0 = -4*b - 5*x + 845, x = -b - x + 212. Suppose a = 2*p + 3*p - b, 3*a - 168 = -4*p. What is the highest common factor of p and 84?
42
Let v be ((-36)/15 + -2)*-15. What is the highest common divisor of v and 99?
33
Let t be (-10)/15 - 94/(-6). Suppose 4*h - t = -h. Let o be -1 + h + 8 + -3. What is the highest common divisor of 35 and o?
7
Let f = 41 - 36. Let r(c) = 10*c - 16. Let k be r(f). Calculate the greatest common divisor of 51 and k.
17
Let o be -25*(-10)/(-25)*-1. Suppose -4*y = -6 - o. Calculate the greatest common divisor of 6 and y.
2
Let u(c) = -3*c**2 - 15*c. Let q be u(-6). Let x be (42/4)/(q/(-324)). What is the highest common factor of 21 and x?
21
Let q = 1599 + -1456. What is the highest common divisor of q and 242?
11
Let f(z) be the second derivative of -z**5/20 + 7*z**4/12 - z**3 - z**2 - 13*z. Let r be f(5). Calculate the greatest common factor of 2 and r.
2
Let a(m) = -m**3 - 18*m**2 - 17*m + 2. Let c be a(-17). Suppose 5*j = c*n - 81, -n + 5*j + 15 = -28. Calculate the highest common factor of 57 and n.
19
Suppose -4*t + 49 = -11. Suppose -2*n + 5*h = -310, -2*n - 4*h + 676 = 2*n. What is the greatest common factor of t and n?
15
Let x be (-4014)/(-90) + 3/(-5). Calculate the highest common factor of x and 220.
44
Let q be (-63)/(-14)*(-22)/3. Let l = -25 - q. What is the highest common divisor of l and 88?
8
Suppose 2*o = -x - 2*o + 147, x - 157 = -2*o. Let d = x + -59. Calculate the greatest common divisor of d and 27.
27
Let x(v) be the first derivative of -v**4/4 + 4*v**3 + 13*v**2/2 + 12*v + 3. Let t be x(13). What is the greatest common divisor of t and 12?
12
Let w = -22 - -47. Calculate the highest common factor of w and 175.
25
Let y be 1454/11 - (-28)/(-154). What is the greatest common factor of y and 12?
12
Let p = 625 - 439. What is the highest common factor of 279 and p?
93
Let s be (552/(-10))/(((-105)/500)/7). What is the greatest common factor of 160 and s?
80
Suppose 73*g - 85 = 68*g. Calculate the highest common divisor of g and 1717.
17
Let c(u) = u**3 - 4*u**2 - 24*u + 117. Let d be c(5). What is the highest common divisor of 682 and d?
22
Let w(y) = 3*y**2 - 11*y + 24. Let t be w(2). Calculate the highest common factor of t and 28.
14
Let p(s) = -s**2 + 9*s - 9. Let a be p(6). Let n = 8399 - 8255. What is the highest common factor of n and a?
9
Let p(k) = 2*k**2 + 15*k + 51. Let x be p(-5). Calculate the greatest common divisor of x and 65.
13
Suppose 90 = -a + 2*a. Let s(z) = z + 11. Let f be s(-5). Let q be 8/f*5*12/8. What is the highest common divisor of q and a?
10
Let m = 424 + -416. Calculate the highest common factor of m and 4.
4
Suppose -j = -3*k - 6*j + 8, -k - 5*j = 14. Let z be (1/(-1))/(-1) - -43. What is the highest common factor of k and z?
11
Suppose 7*h = 6*h - 2*s + 8, -5*h - 15 = -s. Let t be (25/(-2))/(h/4). Calculate the highest common divisor of t and 10.
5
Suppose -3 = -c - 7, 3*b - 10 = -2*c. Suppose -75 = 3*h - b*h. Calculate the greatest common divisor of 225 and h.
25
Let r(z) = -4*z - 29. Let u be r(-11). Suppose -13*o + u*o - 6 = 0. What is the highest common factor of o and 48?
3
Suppose 0*a + k = 3*a - 29, 2*a - 4*k = 36. Let h = 300 - 212. What is the highest common divisor of h and a?
8
Suppose -12 = 3*s - 7*s, -2*n = -2*s - 86. Calculate the highest common divisor of n and 115.
23
Suppose p + 157 = 2*c + 21, 0 = -5*c + 4*p + 343. Let t = -17 + c. Let g be (-41)/(-2) - 1/2. Calculate the greatest common divisor of t and g.
10
Let h = -48 - -51. What is the greatest common divisor of h and 84?
3
Suppose -2*o + n = 4*n - 26, 2*o - 5*n - 26 = 0. Let f(u) = u**2 + 2. Let t be f(0). Suppose -a - 39 = -t*a. Calculate the highest common divisor of o and a.
13
Let s be -3 + (3 - -1) + -4. Let b be (-1)/(4/6)*34/s. Calculate the highest common factor of b and 136.
17
Let a(o) = -o**2 - 7*o - 9. Let b be a(-6). Let g(m) = m**2 + m - 4. Let z be g(b). Let v = 282 - 264. What is the greatest common divisor of z and v?
2
Suppose -375 = -17*u + 458. What is the highest common divisor of u and 189?
7
Let k(w) = -w**3 + 7*w**2 - 8*w + 14. Let l be k(6). Suppose -4*j = 12, 4*j - l*j + 50 = 4*r. Calculate the highest common divisor of r and 11.
11
Suppose 3*n = -5*v + 244, -v - 190 = -4*n + 97. Suppose -3*b + 31 + 27 = -4*j, 4*b - j = n. What is the greatest common factor of 24 and b?
6
Suppose -449 = -j + 3*u, 3*j - 2205 = -2*j + 5*u. Suppose 0 = 3*v + 828 - 12. Let p = j + v. What is the highest common divisor of 15 and p?
15
Let m = -1091 + 1892. Calculate the greatest common divisor of m and 178.
89
Let f(r) = 13*r**2 + 6*r + 14. Let t be f(-2). What is the greatest common divisor of t and 9?
9
Suppose -2743 = -12*j - 2563. Let u be ((2 - 2)/(-2))/(-2). Let n = 10 - u. What is the greatest common divisor of n and j?
5
Suppose -d + 5*a - 18 = d, 0 = 2*d + 2*a - 10. Let h be d/2*(2 - 2). Let g(r) = r**2 - r + 7. Let s be g(h). Calculate the highest common factor of s and 28.
7
Suppose -3*p = 3*h - 309, 0 = -6*p + 4*p - 10. Let i = -69 + h. What is the greatest common factor of i and 26?
13
Let q be (7 - 4) + 50/1 - -2. Suppose 2*p - q = -f, 10 = p + p. Calculate the highest common factor of f and 5.
5
Let w(v) = -2*v**3 - 6*v**2 + v - 2. Let b be w(-3). Let s(h) = -h**3 - 2*h**2 + 2. Let g be s(b). What is the greatest common divisor of 7 and g?
7
Suppose 0 = f - 2*f + 7. Suppose 25 = q + 2*v, 4*v + 125 = -2*q + f*q. Calculate the greatest common divisor of 175 and q.
25
Let w(b) = 2*b**3 + 8*b**2 + 7*b + 6. Let r be w(-3). Suppose -4*c - 3*t = -68, 0 = c + 4*t - 1 - r. Calculate the highest common factor of c and 180.
20
Let s be ((-1)/1)/((-10)/490). Let a be 4/10*s*5. Calculate the greatest common factor of a and 14.
14
Suppose 3*w - 360 = w. Suppose -x + w = 4*x. Suppose 36 = 4*i - x. Calculate the greatest common divisor of 12 and i.
6
Let z = -47 + 78. Let q(t) = 12*t + 297. Let l be q(-17). Calculate the greatest common divisor of l and z.
31
Let r(u) = 16*u**2 + 3*u - 69. Let l be r(6). Calculate the greatest common factor of l and 168.
21
Suppose 26*w + 5*k + 4 = 27*w, 5*k = -w + 4. What is the greatest common divisor of 4 and w?
4
Suppose 5*h + 5*j - 4140 = -0*h, -3*j - 3347 = -4*h. Calculate the gre